nder when 66 is divided by 57?
9
What is the remainder when 130 is divided by 25?
5
Calculate the remainder when 569 is divided by 144.
137
What is the remainder when 87 is divided by 32?
23
Calculate the remainder when 390 is divided by 8.
6
What is the remainder when 33 is divided by 7?
5
Calculate the remainder when 118 is divided by 55.
8
Calculate the remainder when 1255 is divided by 105.
100
Calculate the remainder when 3899 is divided by 972.
11
What is the remainder when 1432 is divided by 475?
7
Calculate the remainder when 38276 is divided by 101.
98
What is the remainder when 1112 is divided by 361?
29
Calculate the remainder when 182 is divided by 66.
50
Calculate the remainder when 311 is divided by 145.
21
Calculate the remainder when 10606 is divided by 61.
53
What is the remainder when 5718 is divided by 13?
11
What is the remainder when 313 is divided by 99?
16
Calculate the remainder when 56 is divided by 12.
8
What is the remainder when 1242 is divided by 89?
85
What is the remainder when 269 is divided by 54?
53
Calculate the remainder when 424 is divided by 148.
128
What is the remainder when 82 is divided by 31?
20
What is the remainder when 62 is divided by 33?
29
Calculate the remainder when 3931 is divided by 24.
19
Calculate the remainder when 644 is divided by 177.
113
Calculate the remainder when 63 is divided by 16.
15
Calculate the remainder when 75 is divided by 51.
24
What is the remainder when 375 is divided by 29?
27
What is the remainder when 59 is divided by 50?
9
What is the remainder when 719 is divided by 19?
16
What is the remainder when 150 is divided by 40?
30
Calculate the remainder when 2197 is divided by 25.
22
Calculate the remainder when 16414 is divided by 9.
7
What is the remainder when 2640 is divided by 21?
15
Calculate the remainder when 514 is divided by 248.
18
Calculate the remainder when 534 is divided by 32.
22
Calculate the remainder when 4463 is divided by 31.
30
Calculate the remainder when 14110 is divided by 98.
96
What is the remainder when 569 is divided by 15?
14
What is the remainder when 226 is divided by 118?
108
What is the remainder when 438 is divided by 44?
42
What is the remainder when 237 is divided by 30?
27
Calculate the remainder when 98 is divided by 62.
36
Calculate the remainder when 14061 is divided by 24.
21
Calculate the remainder when 295 is divided by 70.
15
What is the remainder when 46 is divided by 6?
4
What is the remainder when 802 is divided by 316?
170
Calculate the remainder when 69 is divided by 15.
9
What is the remainder when 108 is divided by 3?
0
Calculate the remainder when 5738 is divided by 35.
33
Calculate the remainder when 241 is divided by 54.
25
Calculate the remainder when 24191 is divided by 48.
47
Calculate the remainder when 1042 is divided by 18.
16
Calculate the remainder when 12256 is divided by 9.
7
What is the remainder when 3429 is divided by 11?
8
What is the remainder when 58 is divided by 11?
3
What is the remainder when 4317 is divided by 40?
37
Calculate the remainder when 671 is divided by 96.
95
What is the remainder when 147 is divided by 41?
24
What is the remainder when 1290 is divided by 412?
54
What is the remainder when 1061 is divided by 528?
5
Calculate the remainder when 1332 is divided by 4.
0
Calculate the remainder when 559 is divided by 25.
9
What is the remainder when 4079 is divided by 77?
75
What is the remainder when 325 is divided by 132?
61
Calculate the remainder when 71 is divided by 7.
1
Calculate the remainder when 394 is divided by 33.
31
Calculate the remainder when 20173 is divided by 13.
10
Calculate the remainder when 418 is divided by 30.
28
What is the remainder when 785 is divided by 61?
53
What is the remainder when 67 is divided by 15?
7
What is the remainder when 3188 is divided by 168?
164
What is the remainder when 16843 is divided by 39?
34
Calculate the remainder when 108 is divided by 27.
0
Calculate the remainder when 518 is divided by 168.
14
Calculate the remainder when 372 is divided by 93.
0
What is the remainder when 51 is divided by 28?
23
What is the remainder when 118 is divided by 104?
14
Calculate the remainder when 233 is divided by 91.
51
What is the remainder when 282 is divided by 15?
12
What is the remainder when 2238 is divided by 56?
54
Calculate the remainder when 370 is divided by 148.
74
What is the remainder when 11899 is divided by 248?
243
Calculate the remainder when 201 is divided by 81.
39
What is the remainder when 175 is divided by 44?
43
Calculate the remainder when 707 is divided by 396.
311
What is the remainder when 1470 is divided by 485?
15
What is the remainder when 15697 is divided by 50?
47
Calculate the remainder when 187 is divided by 104.
83
Calculate the remainder when 385 is divided by 43.
41
What is the remainder when 211 is divided by 82?
47
What is the remainder when 661 is divided by 196?
73
Calculate the remainder when 553 is divided by 54.
13
What is the remainder when 125 is divided by 11?
4
Calculate the remainder when 197 is divided by 30.
17
What is the remainder when 169 is divided by 19?
17
What is the remainder when 7167 is divided by 56?
55
What is the remainder when 169 is divided by 9?
7
What is the remainder when 802 is divided by 93?
58
Calculate the remainder when 732 is divided by 41.
35
What is the remainder when 395 is divided by 191?
13
What is the remainder when 264 is divided by 75?
39
What is the remainder when 2685 is divided by 42?
39
Calculate the remainder when 1336 is divided by 67.
63
What is the remainder when 515 is divided by 68?
39
Calculate the remainder when 451 is divided by 153.
145
Calculate the remainder when 925 is divided by 31.
26
What is the remainder when 1665 is divided by 67?
57
What is the remainder when 946 is divided by 14?
8
Calculate the remainder when 389 is divided by 7.
4
Calculate the remainder when 50 is divided by 4.
2
Calculate the remainder when 1505 is divided by 25.
5
What is the remainder when 418 is divided by 30?
28
Calculate the remainder when 460 is divided by 340.
120
Calculate the remainder when 918 is divided by 102.
0
What is the remainder when 98 is divided by 58?
40
What is the remainder when 4111 is divided by 101?
71
What is the remainder when 346 is divided by 12?
10
Calculate the remainder when 379 is divided by 12.
7
What is the remainder when 1461 is divided by 12?
9
Calculate the remainder when 80 is divided by 9.
8
What is the remainder when 12776 is divided by 15?
11
What is the remainder when 407 is divided by 186?
35
Calculate the remainder when 8377 is divided by 20.
17
What is the remainder when 607 is divided by 88?
79
What is the remainder when 447 is divided by 90?
87
Calculate the remainder when 2087 is divided by 29.
28
What is the remainder when 270 is divided by 7?
4
What is the remainder when 155 is divided by 12?
11
What is the remainder when 437 is divided by 22?
19
Calculate the remainder when 797 is divided by 437.
360
Calculate the remainder when 180 is divided by 26.
24
What is the remainder when 1106 is divided by 62?
52
Calculate the remainder when 1133 is divided by 86.
15
Calculate the remainder when 228 is divided by 50.
28
What is the remainder when 73 is divided by 35?
3
What is the remainder when 2425 is divided by 45?
40
What is the remainder when 281 is divided by 138?
5
Calculate the remainder when 2196 is divided by 19.
11
Calculate the remainder when 2311 is divided by 116.
107
What is the remainder when 465 is divided by 13?
10
Calculate the remainder when 512 is divided by 70.
22
Calculate the remainder when 150 is divided by 57.
36
What is the remainder when 3000 is divided by 38?
36
What is the remainder when 1429 is divided by 180?
169
Calculate the remainder when 730 is divided by 35.
30
Calculate the remainder when 37427 is divided by 190.
187
What is the remainder when 66 is divided by 15?
6
Calculate the remainder when 31 is divided by 24.
7
Calculate the remainder when 127 is divided by 55.
17
What is the remainder when 94 is divided by 76?
18
Calculate the remainder when 2701 is divided by 34.
15
Calculate the remainder when 683 is divided by 18.
17
Calculate the remainder when 340 is divided by 164.
12
Calculate